ghest common factor of t and o.
9
Let d be 96 + ((-7)/(-21))/((-1)/(-6)). Suppose k + d = 8*k. Suppose -f - 3*x + 69 = x, 0 = -3*x + 15. What is the greatest common divisor of f and k?
7
Suppose w + 5*f - 205 = 0, -4*w + 9*f + 925 = 8*f. What is the greatest common divisor of 70 and w?
10
Let a(n) = -17*n + 256. Let u be a(15). Let w = 107 - 102. Calculate the highest common factor of u and w.
1
Suppose 8*h + 59 - 331 = 0. Let l = h - 48. Let n be ((-6)/21)/(-1) - 780/l. Calculate the highest common factor of 84 and n.
28
Suppose 0 = -4*s + 132*x - 135*x + 60576, -5*s = -x - 75739. What is the highest common divisor of s and 17?
17
Suppose 31*r - 10*p = -14*p + 1131884, -5*r - p + 182563 = 0. What is the highest common divisor of r and 224?
224
Let k(f) = -7*f**3 + 11*f - 17. Let q be k(-4). Let y = 255 - 169. What is the greatest common divisor of y and q?
43
Suppose -15*q + 10*q = -3*m - 13, -4*q - 5*m = -3. Suppose 148 - 6 = l. What is the highest common factor of l and q?
2
Let s(g) = 2*g**3 + 9*g**2 + 205*g + 1086. Let t be s(-5). Calculate the greatest common factor of t and 30.
6
Let u(f) = 2*f + 5*f - 5*f + 2*f + 14. Let o be u(4). Suppose 3*k + z - 417 = 0, -5*z + o + 515 = 4*k. What is the highest common factor of k and 20?
20
Suppose 32 = 2*j + 4*r, -r = -414*j + 419*j - 134. What is the highest common factor of j and 6608?
28
Let j(c) = c**3 - 3*c**2 - 338*c - 31. Let y be j(20). Suppose 4*o = 4*n - 2788, 0 = -0*n - 5*n - 3*o + 3525. Calculate the highest common divisor of n and y.
9
Suppose 12*t = 10*t + 10. Suppose t*c + 19 = 3*v, 1 = -v - 2*c - 0. Suppose v*p - 41 = 100. What is the highest common divisor of p and 376?
47
Let g = 235 + -239. Let w be -8*(3 + (-2 - g))/(-1). Calculate the highest common factor of w and 640.
40
Let u = 611 - 256. What is the greatest common factor of 923 and u?
71
Suppose -61*a + 19872 = -29*a. What is the greatest common divisor of 27 and a?
27
Suppose -312 = -5*p + 238. Suppose -5*f - m + 10 = 0, m = -0*m - 5. Suppose -13 = f*v - 145. What is the greatest common factor of p and v?
22
Let o(c) = -2*c - 11. Let z be o(-9). Let h be (-20)/(-70) + (-23)/7 - -29. Suppose -4*a + 222 - h = 0. Calculate the highest common factor of a and z.
7
Let s = -3657 + 9825. What is the highest common divisor of s and 24?
24
Let d be 116/5 + (-80)/(-100). Calculate the greatest common factor of d and 3552.
24
Let w(q) = -q**3 + 22*q**2 - 7*q + 15. Let r be w(21). Let s = r + -305. What is the greatest common divisor of 32 and s?
4
Let d = 569 + -561. Suppose -4*m - d = 0, 36*m - 33*m = -y + 26. What is the highest common factor of y and 56?
8
Let m be (-7252)/(-98) + 18/3. Calculate the highest common factor of m and 15880.
40
Let o = 504 + -507. Let f be -1 + 9 + (-12)/(o/1). What is the greatest common divisor of 60 and f?
12
Suppose -36 = -5*h + 2*h. Suppose 52*r = 24*r + 3696. What is the greatest common factor of h and r?
12
Let d(z) = 2*z**2 - 8*z - 185. Let n be d(-8). Suppose 3*y + 56 = 5*y. Calculate the highest common factor of y and n.
7
Suppose -5*n - 8 = 7. Let u be ((-16)/(-12))/(0 + (-2)/n). Let m(h) = 6*h + 2. Let o be m(u). What is the highest common divisor of o and 42?
14
Let f(m) = 11*m - 6. Let k be f(-20). Let c = -73 - k. Calculate the greatest common factor of 34 and c.
17
Suppose 0 = 113*k - 14386 - 3242. Calculate the highest common divisor of k and 228.
12
Let j = -4449 + 4482. Calculate the greatest common divisor of j and 649.
11
Suppose -4*p - p = -140. Let x be 2/(-16) + (-3880)/(-128)*20/50. Calculate the highest common factor of x and p.
4
Suppose 4*v - 7 = 5, 0 = -3*q - v + 24. Suppose -263 + 53 = q*y. Let a = y - -105. What is the highest common factor of 15 and a?
15
Suppose -5*o + 200 - 75 = 0. Suppose 12*b = o*b - 3172. Let w = b - 174. Calculate the greatest common divisor of w and 14.
14
Suppose -a = -d - 0 - 1, d - 2*a = 1. Let b be 15*(-5)/d - 1. Calculate the highest common factor of 84 and b.
12
Let k = -3045 + 3055. What is the highest common factor of k and 894?
2
Let x be (-4)/1 + (24 - -13). Suppose -6*g + x = -39. What is the highest common factor of g and 108?
12
Suppose -12 + 26 = c - 2*x, 4*c - 30 = -5*x. Let h(l) = 24*l - 141. Let m be h(c). What is the highest common divisor of m and 22?
11
Suppose 54569 = 254*n + 4277. Suppose 2*l = -2*d + 108, -216 = -4*l + 4*d + d. Calculate the highest common divisor of l and n.
18
Let a = 2405 + -2402. What is the highest common factor of a and 1527?
3
Suppose -5*r + 4*z = -2797, -4*r - 2*z - 2*z = -2252. Let w(y) = y**2 + 23*y - 3495. Let t be w(49). Calculate the highest common factor of r and t.
33
Suppose 3*l + 300 = 4*p, -81*p + 4*l = -79*p - 160. Calculate the greatest common factor of p and 486.
18
Let u(p) = -40*p**3 + 3*p**2 + 2*p + 1. Let j be u(-1). Calculate the greatest common divisor of j and 98.
14
Let y be (2240/(-50) - 4)/((-1)/5). Calculate the greatest common divisor of 1769 and y.
61
Let h = 234 - 223. Suppose -z + h*z = 400. What is the greatest common factor of z and 150?
10
Suppose -9*t = 5531 - 6125. What is the greatest common factor of 2024 and t?
22
Suppose -3*n + 6*a = 4*a - 51, -3*n = -a - 57. Suppose 3 - 24 = -3*v. Calculate the greatest common factor of n and v.
7
Suppose 5*k + 738 = 2*v - 78, 3*v = -k + 1224. What is the greatest common factor of v and 153?
51
Let d(f) = -12*f - 4. Let m be d(-3). Suppose 14*j - 3*j = 847. Let l = 81 - j. Calculate the highest common factor of l and m.
4
Suppose 8*h - 359 = -15. Suppose 0*z - h = -4*m - z, 2*m - 5*z = 5. Calculate the greatest common divisor of m and 190.
10
Suppose 0 = -59*t + 71*t - 3120. Suppose -61*w - t = -65*w. What is the highest common factor of w and 5?
5
Let g(h) = 3*h - 15*h - 20 - 116*h + 3. Let b be g(-9). Suppose b = 4*v - 3*p - 349, 4*v = -p + 1500. Calculate the greatest common factor of v and 34.
34
Suppose 369 = 2*y + 321. Suppose 5*h = 16 - 1. Suppose 20 = r + 4*j, -2*r + h*j = -0*r - 51. Calculate the highest common divisor of r and y.
24
Let k be ((-6)/(1 + -7))/((-11)/(-198)). Let w = 29 + -11. What is the greatest common factor of w and k?
18
Let q(f) = f**3 + 7*f**2 - 16*f - 27. Let n be q(-7). Let c(h) = h**3 - 9*h**2 + 15. Let z be c(9). What is the highest common factor of n and z?
5
Suppose 71*x - 932 = 68*x + 2*n, -2*n = 7*x - 2228. Calculate the greatest common factor of 2449 and x.
79
Let j = 5382 + -5370. Calculate the greatest common factor of 4536 and j.
12
Let y(a) = 2. Let j(q) = -5*q + 2. Let c(o) = -j(o) - 2*y(o). Let d be c(3). What is the greatest common factor of 621 and d?
9
Suppose 14 = c + c - 5*h, 0 = -5*c + 3*h + 16. Suppose s + 10*g - 7*g - 66 = 0, c*g = s - 66. Calculate the highest common factor of s and 22.
22
Let r(m) = 67*m + 615. Let x be r(-7). Calculate the greatest common divisor of x and 1387.
73
Let b(d) = 38*d - 416. Let w be b(14). Calculate the greatest common factor of w and 87.
29
Let h be 6/((-16)/(-24)*(-9)/(-4)). Suppose 5*l + 5*m - 555 = 0, -6*l - h*m + 108 = -5*l. What is the greatest common divisor of l and 48?
16
Suppose -w - 2692 = -f - 2705, 3*f + 9 = 0. Calculate the greatest common divisor of 3430 and w.
10
Suppose 0 = -2*y - 52 + 132. Suppose 53 = 3*m - 2*z - 16, -24 = -8*z. Calculate the greatest common divisor of y and m.
5
Let l(c) = -3*c**2 + 7*c - 8. Let k(t) = -2*t**2 + 6*t - 10. Let s(f) = 4*k(f) - 3*l(f). Let o be s(5). Calculate the greatest common divisor of 40 and o.
8
Suppose -8 + 4 = -2*r. Suppose r*a - 572 = -2*a. Let g(y) = -18157*y + 36325. Let k be g(2). What is the greatest common factor of a and k?
11
Let h(c) = -11*c - 51. Let l be h(-13). Suppose -5*s = -2*n + 66, -2*s - l = -3*n + 2*s. Calculate the highest common factor of 36 and n.
4
Let p(o) = 7*o**2 + 2*o - 118. Let s be p(17). Suppose -33 = s*t - 1942*t. Let l be 2/(0 - (-2)/11). What is the highest common divisor of t and l?
11
Suppose -5*g + 8149 = -2*x + 1210, 1350 = g + 5*x. Calculate the greatest common factor of g and 1108.
277
Suppose -4358 = -85*n + 5587. Calculate the highest common factor of n and 143.
13
Let i = -17865 + 18074. What is the highest common divisor of i and 11?
11
Suppose -1041*o = -g - 1046*o + 1189, -3*o - 6057 = -5*g. What is the highest common divisor of g a